{"id":181,"date":"2022-03-27T21:22:46","date_gmt":"2022-03-27T18:22:46","guid":{"rendered":"https:\/\/mehmetbirekul.com.tr\/?page_id=181"},"modified":"2022-04-28T22:30:37","modified_gmt":"2022-04-28T19:30:37","slug":"video-galeri","status":"publish","type":"page","link":"https:\/\/mehmetbirekul.com.tr\/?page_id=181","title":{"rendered":"Video Galeri"},"content":{"rendered":"\n<p> <\/p>\n\n\n\n<figure class=\"wp-block-embed is-type-video is-provider-youtube wp-block-embed-youtube wp-embed-aspect-16-9 wp-has-aspect-ratio\"><div class=\"wp-block-embed__wrapper\">\n<iframe loading=\"lazy\" title=\"A\u0130LE MEKTEB\u0130 B\u00d6L\u00dcM 35 21 OCAK 2018 DO\u00c7  DR  MEHMET B\u0130REKUL\" width=\"750\" height=\"422\" src=\"https:\/\/www.youtube.com\/embed\/XtzIxlYfkjM?feature=oembed\" frameborder=\"0\" allow=\"accelerometer; autoplay; clipboard-write; encrypted-media; gyroscope; picture-in-picture\" allowfullscreen><\/iframe>\n<\/div><\/figure>\n\n\n\n<p><strong>KONTV Aile Mektebi Program\u0131<\/strong><\/p>\n\n\n\n<p>                                   <\/p>\n\n\n\n<p><\/p>\n\n\n\n<figure class=\"wp-block-embed is-type-video is-provider-youtube wp-block-embed-youtube wp-embed-aspect-16-9 wp-has-aspect-ratio\"><div class=\"wp-block-embed__wrapper\">\n<iframe loading=\"lazy\" title=\"SAM\u0130 BAYRAK\u00c7I \u0130LE \u0130FTARA DO\u011eRU  10   DO\u00c7  DR  MEHMET B\u0130REKUL\" width=\"750\" height=\"422\" src=\"https:\/\/www.youtube.com\/embed\/ZPYno9UdJ1o?feature=oembed\" frameborder=\"0\" allow=\"accelerometer; autoplay; clipboard-write; encrypted-media; gyroscope; picture-in-picture\" allowfullscreen><\/iframe>\n<\/div><figcaption><strong>KONTV     Sami Bayrak\u00e7\u0131 \u0130le \u0130ftara Do\u011fru<\/strong><\/figcaption><\/figure>\n\n\n\n<p><\/p>\n\n\n\n<p>                              <\/p>\n\n\n\n<figure class=\"wp-block-embed is-type-video is-provider-youtube wp-block-embed-youtube wp-embed-aspect-16-9 wp-has-aspect-ratio\"><div class=\"wp-block-embed__wrapper\">\n<iframe loading=\"lazy\" title=\"B\u00fcsam \u015eehir Akademi- Do\u00e7. Dr.  Mehmet Birekul: Sosyal Bilimlerde Pozitivist Bilginin De\u011feri\" width=\"750\" height=\"422\" src=\"https:\/\/www.youtube.com\/embed\/J1SArxEavLs?feature=oembed\" frameborder=\"0\" allow=\"accelerometer; autoplay; clipboard-write; encrypted-media; gyroscope; picture-in-picture\" allowfullscreen><\/iframe>\n<\/div><figcaption><strong>B\u00fcsam \u015eehir Akademi<\/strong><\/figcaption><\/figure>\n\n\n\n<p><\/p>\n\n\n\n<p>                                     <\/p>\n\n\n\n<figure class=\"wp-block-embed is-type-video is-provider-youtube wp-block-embed-youtube wp-embed-aspect-16-9 wp-has-aspect-ratio\"><div class=\"wp-block-embed__wrapper\">\n<iframe loading=\"lazy\" title=\"S\u0130A #\u00c7\u00f6z\u00fcmPe\u015finde \u015eehir ve K\u00fclt\u00fcr - Mehmet Birekul\" width=\"750\" height=\"422\" src=\"https:\/\/www.youtube.com\/embed\/PNhyNORen7I?feature=oembed\" frameborder=\"0\" allow=\"accelerometer; autoplay; clipboard-write; encrypted-media; gyroscope; picture-in-picture\" allowfullscreen><\/iframe>\n<\/div><figcaption><strong>Sosyal \u0130navasyon Ajans\u0131    \u015eehir ve K\u00fclt\u00fcr<\/strong><\/figcaption><\/figure>\n\n\n\n<p><\/p>\n\n\n\n<p>                                 <\/p>\n\n\n\n<figure class=\"wp-block-embed is-type-video is-provider-youtube wp-block-embed-youtube wp-embed-aspect-16-9 wp-has-aspect-ratio\"><div class=\"wp-block-embed__wrapper\">\n<iframe loading=\"lazy\" title=\"ONLINE Panel: Koronavir\u00fcs&#039;l\u00fc G\u00fcnlerde Aile\" width=\"750\" height=\"422\" src=\"https:\/\/www.youtube.com\/embed\/XygxhHPVCyI?feature=oembed\" frameborder=\"0\" allow=\"accelerometer; autoplay; clipboard-write; encrypted-media; gyroscope; picture-in-picture\" allowfullscreen><\/iframe>\n<\/div><figcaption><strong>Panel :Koronavir\u00fcs&#8217;l\u00fc G\u00fcnlerde Aile<\/strong><\/figcaption><\/figure>\n\n\n\n<figure class=\"wp-block-embed is-type-video is-provider-youtube wp-block-embed-youtube wp-embed-aspect-16-9 wp-has-aspect-ratio\"><div class=\"wp-block-embed__wrapper\">\n<iframe loading=\"lazy\" title=\"Ramazan Ku\u015fa\u011f\u0131 27. B\u00f6l\u00fcm - Bayram Tatili\" width=\"750\" height=\"422\" src=\"https:\/\/www.youtube.com\/embed\/zV2YXOvmAh0?feature=oembed\" frameborder=\"0\" allow=\"accelerometer; autoplay; clipboard-write; encrypted-media; gyroscope; picture-in-picture\" allowfullscreen><\/iframe>\n<\/div><figcaption>Necmettin Erbakan \u00dcniversitesi  2021 Ramazan Ku\u015fa\u011f\u0131 Program\u0131<\/figcaption><\/figure>\n","protected":false},"excerpt":{"rendered":"<p>KONTV Aile Mektebi Program\u0131<\/p>\n","protected":false},"author":3,"featured_media":0,"parent":0,"menu_order":0,"comment_status":"closed","ping_status":"closed","template":"","meta":{"ngg_post_thumbnail":0,"footnotes":""},"class_list":["post-181","page","type-page","status-publish","hentry"],"_links":{"self":[{"href":"https:\/\/mehmetbirekul.com.tr\/index.php?rest_route=\/wp\/v2\/pages\/181","targetHints":{"allow":["GET"]}}],"collection":[{"href":"https:\/\/mehmetbirekul.com.tr\/index.php?rest_route=\/wp\/v2\/pages"}],"about":[{"href":"https:\/\/mehmetbirekul.com.tr\/index.php?rest_route=\/wp\/v2\/types\/page"}],"author":[{"embeddable":true,"href":"https:\/\/mehmetbirekul.com.tr\/index.php?rest_route=\/wp\/v2\/users\/3"}],"replies":[{"embeddable":true,"href":"https:\/\/mehmetbirekul.com.tr\/index.php?rest_route=%2Fwp%2Fv2%2Fcomments&post=181"}],"version-history":[{"count":5,"href":"https:\/\/mehmetbirekul.com.tr\/index.php?rest_route=\/wp\/v2\/pages\/181\/revisions"}],"predecessor-version":[{"id":358,"href":"https:\/\/mehmetbirekul.com.tr\/index.php?rest_route=\/wp\/v2\/pages\/181\/revisions\/358"}],"wp:attachment":[{"href":"https:\/\/mehmetbirekul.com.tr\/index.php?rest_route=%2Fwp%2Fv2%2Fmedia&parent=181"}],"curies":[{"name":"wp","href":"https:\/\/api.w.org\/{rel}","templated":true}]}}